Let f be d(-7). Let l = -70 - f. What are the prime factors of l?
2, 47
Suppose -14*c + 4321 = t - 2564, -3*t - 2*c = -20695. List the prime factors of t.
6899
Let i = 15243 + -5335. What are the prime factors of i?
2, 2477
Let n(x) = 280*x - 3344. List the prime factors of n(44).
2, 3, 11, 17
Let c(j) = -26 - 2 - 40*j - 13 - 18*j. List the prime factors of c(-5).
3, 83
Let m(l) = -9*l**3 - 12*l**2 - 46*l + 64. What are the prime factors of m(-11)?
3, 137
Suppose 0 = -2*o + 25*l - 18*l + 44892, 3*o - l - 67376 = 0. List the prime factors of o.
2, 5, 1123
Let g(k) = -10*k + 36. Let r be g(15). Let a = r - -96. What are the prime factors of (117/a)/(0 - 2/76)?
13, 19
Let v(k) = k**3 + 6*k**2 + 7*k + 3. Let w be v(-4). Suppose 15*q - 5*q = w*q. Suppose 5*y = -2*d + 262, -3*d - 257 = -5*y - q*d. List the prime factors of y.
2, 13
Let f(k) = -k**3 + 3*k**2 + k - 2. Let g be f(3). Let o be 1 - (5 - g - 9). Suppose -4*c - 304 = -4*y, o*c - 3*c - 15 = 0. List the prime factors of y.
3
Let s(h) be the first derivative of -h**4/4 + 32*h**3/3 - 23*h**2 + 18*h + 56. List the prime factors of s(30).
2, 3, 73
Suppose 5*o - 163619 = -1868*x + 1866*x, 4*o + 3*x - 130891 = 0. What are the prime factors of o?
5, 7, 11, 17
What are the prime factors of (-13 - -8)*-8669 + -9?
2, 5417
Let r = 262 - 255. Suppose r*j = j + 2142. What are the prime factors of j?
3, 7, 17
Let x be 3 + (-6 - -4) + 5. Suppose 0 = 2*l - 16 + x. Suppose 3*o = 4*i + 4*o - 409, -97 = -i + l*o. What are the prime factors of i?
2, 3, 17
Suppose 117*q + 181684 = 858116 + 982394. What are the prime factors of q?
2, 3, 17, 139
Suppose -764 = -o + 2*l + 1626, 9584 = 4*o - 2*l. What are the prime factors of o?
2, 11, 109
Let i(q) = 534*q + 15834. What are the prime factors of i(66)?
2, 3, 8513
Let k(u) = -15*u**3 + 32*u**2 + 330*u + 24. List the prime factors of k(-8).
2, 7, 127
Let d(l) = -l**3 - 23*l**2 - 26*l - 776. What are the prime factors of d(-27)?
2, 7, 29
Let l = -567 + 819. List the prime factors of ((-108)/(-7))/(-3*(-4)/l).
2, 3
Let w = -605 + 381. Let a = 352 + w. List the prime factors of a.
2
Let g(f) = 3*f**2. Let x be g(3). Let h(o) be the second derivative of 2*o**3/3 + 81*o**2/2 - 15*o - 5. What are the prime factors of h(x)?
3, 7
Suppose m + 320 = -9*m. Let i = -22 - m. List the prime factors of (-1082)/(-14) + i/(-35).
7, 11
Let z = 70 - 63. Suppose 3*y = -z*y - 2950. Let i = 490 + y. List the prime factors of i.
3, 5, 13
Let y(s) = 175*s + 47. Let k(g) = -525*g - 140. Let x(i) = 3*k(i) + 8*y(i). What are the prime factors of x(-8)?
2, 3, 113
Let c = 102 + -80. Let w(q) = -26 + 43 - 4*q - c - 3*q. List the prime factors of w(-16).
107
Suppose 4*b = b + 1656. Suppose 0 = 2*u - c - b, 0 = u - 3*c - 2*c - 294. Suppose 3*m = -3*i + 6*m + 210, 4*i - u = -2*m. What are the prime factors of i?
3, 23
What are the prime factors of ((-225)/(-250)*-6)/(1/(-105) - 0)?
3, 7
What are the prime factors of 11/(308/427)*44?
11, 61
Let b(s) = s**2 - 24*s + 58. Let v be b(3). List the prime factors of (-160)/90*-219 - v/3.
17, 23
Let h = 339 + 965. Suppose 4004 - h = 10*w. What are the prime factors of w?
2, 3, 5
Let d = -424 - -408. Let i(j) = j**3 + 18*j**2 - j + 44. List the prime factors of i(d).
2, 11, 13
Let u(p) = -3*p**2 - p + 1053. Let s be 7/9 + -1 + 10/45. Let o be u(s). Suppose -2*n - o = -15*n. List the prime factors of n.
3
Let h(d) = 14*d**2 - d - 3. Suppose 0 = 4*y - 24 + 72. Let x(b) = -b**2 - 12*b - 2. Let p be x(y). List the prime factors of h(p).
5, 11
Let w(f) = 65*f**2 - 8. Let x be w(2). Let z = x - 147. What are the prime factors of z?
3, 5, 7
Suppose -27*k - 109*k + 494255 = -513777. List the prime factors of k.
2, 17, 109
Let i(l) = l**2 - 3*l - 4. Let f be i(4). Let b(n) = f*n + 2*n + 5*n - 22 - n. List the prime factors of b(12).
2, 5
Let h be (8*(-7)/(-14))/2. List the prime factors of (1267/(-28) - h)/(3/(-36)).
3, 7
Suppose 0 = -d + 12*d - 231. Let o(a) = -a**3 + 22*a**2 - 8*a + 24. Let x be o(d). Suppose u - 2*l - 66 = 0, -4*u + 3*l + x = 6*l. List the prime factors of u.
2, 3
Let a(y) = -4*y**3 - y**2 + 3*y - 2. Let n be a(1). Let g(u) = -9*u**3 - 3*u**2 - 5*u - 7. List the prime factors of g(n).
541
Suppose 2*y = -45 - 131. Let k = y - -129. List the prime factors of k.
41
Suppose -7*r = r - 2584. Let t = -263 + r. What are the prime factors of t?
2, 3, 5
Let h(o) = -236*o - 710. List the prime factors of h(-44).
2, 7, 691
Let f = -39 - -48. Let q be ((-24)/f)/(-4) - 22/(-3). Suppose -q*k + 57 = -7*k. List the prime factors of k.
3, 19
Let s = -70 + 75. Suppose -4*l = 3*p - 1204, -5*l - 5 - s = 0. List the prime factors of p.
2, 101
Suppose -51*v = -52*v - 2*t + 663, -4*t = -2*v + 1310. What are the prime factors of v?
659
Suppose -16 = -n + 24. Suppose 5*m = n - 10. Suppose -m*q + 358 = -218. What are the prime factors of q?
2, 3
Let o = -46 + 46. Let k(t) = t**2 + o + 2*t**2 - 20*t**3 + 1 - 4*t**2. List the prime factors of k(-1).
2, 5
Let q = 37 - 34. Suppose -3*d + 6*d = -q. Let u = 47 + d. List the prime factors of u.
2, 23
Suppose -3*y - 5*u + 25543 = -24483, -5*y + 7*u + 83346 = 0. What are the prime factors of y?
2, 521
Suppose 3*n = 7*n - 36. Suppose -14*w + 2105 = -n*w. Let s = w + -212. List the prime factors of s.
11, 19
Suppose -13*l = -8*l + 5345. Let u = 1974 + l. What are the prime factors of u?
5, 181
What are the prime factors of (-9 - 0) + (124 - -39)?
2, 7, 11
Let y(r) = -96*r - 116. Let d(u) = -32*u - 39. Let z(v) = 7*d(v) - 2*y(v). What are the prime factors of z(-10)?
3, 31
Let y = 1685 - -14862. What are the prime factors of y?
16547
List the prime factors of 2/8 - (6043/(-2) - (-36)/48).
3, 19, 53
Suppose 4*r + 203 = -f, f + 17 = 5*r - 141. Suppose 4*h = -h + 1505. Let d = h + f. What are the prime factors of d?
2, 59
Let p be (-3 + 1)*(-2 + 0). Let y be 32/(-12)*852/p. What are the prime factors of (y/20)/(2/(-5))?
71
Let a be 26/((2/165)/((-128)/(-24))). Suppose -8*o = -34*o + a. What are the prime factors of o?
2, 5, 11
Suppose 4*v + 119 = -2*a + 2327, -2*v = -a - 1104. Let x be 5 - ((-6)/(-2))/(-3)*1. List the prime factors of (v/6)/(4/x).
2, 3, 23
Suppose 5*c - 18895 = -5555. List the prime factors of c.
2, 23, 29
Let s be -13 + 143/44 + 1/(-4). Let p = 311 + s. What are the prime factors of p/5 + (-3)/15?
2, 3, 5
Let n(v) = v + 37. Let q be (-17)/(-6)*-2 - (-121)/(-363). List the prime factors of n(q).
31
Suppose 0*o + 310 = -5*o. Let x be (-13)/52 - 2948/(-16). Let t = o + x. List the prime factors of t.
2, 61
Let q = -326 - -496. Suppose -3*m + 52 = -m. Suppose -2*f - m + q = 0. List the prime factors of f.
2, 3
Suppose -27201 = -3*u + 3*p, -312*u - p = -314*u + 18127. What are the prime factors of u?
2, 3, 5, 151
Let p(c) = c**3 - 5*c**2 + c + 15. Let r be p(5). Let b = r - 11. Suppose 12*k - b*k - 408 = 0. What are the prime factors of k?
2, 17
Let k(u) be the second derivative of -u**3/6 + 3*u**2/2 - 3*u. Let c be k(7). Let d(r) = -r**3 - r**2 + 7*r - 3. What are the prime factors of d(c)?
17
Suppose 5*k = 131 + 34. Let z be k/18 - ((-11)/(-6) + -2). Suppose 5*s - 175 = 2*s + 4*b, -z*s + 115 = -b. What are the prime factors of s?
3, 19
Let g = -255 + 461. Suppose y = -5*m + 404, -1734 = -5*y - 5*m + g. List the prime factors of y.
2, 3
Let y be 2 - (-2 + 8 + -9). List the prime factors of (-20547)/(-18) + y/(-10).
7, 163
Let q(h) = -422*h - 653. List the prime factors of q(-80).
33107
Let x(h) = h + 3. Let c be x(6). Suppose 1 = -s + c. Suppose 0 = -j + s. List the prime factors of j.
2
Let d be (-9)/(-21) - 4694/(-7). Let k = d + -300. List the prime factors of k.
7, 53
Suppose -4*i + 80 = -3*i. Suppose 20*z - 24*z + i = 0. Suppose u = 5*u - z. What are the prime factors of u?
5
Let g(y) = 3*y**3 + 14*y**2 - 20*y + 545. List the prime factors of g(20).
3, 5, 661
Let l(g) = 7*g**3 - 15*g**2 + 11*g + 48. Let y be l(-16). Let t be ((-2)/(-4))/(-2*8/y). Suppose 28*p - t = 13*p. List the prime factors of p.
2, 17
Suppose -4*d - 3*i = -103924, -2*d - 5*i + 129910 = 3*d. What are the prime factors of d?
2, 31, 419
Let x = -479 + 840. Let t = x + -256. What are the prime factors of t?
3, 5, 7
Let n be 10 + -14 + 3 + 4. Suppose -5*r - 379 + 3800 = -j, -j = -3*r + 2051. Suppose 2*h - r = -n*h. List the prime factors of h.
137
Sup